at are the prime factors of t(-60)?
2, 41, 89
Let b(i) = 13*i - 13. Suppose 2*q - 5*z = 18 + 8, 5*q + 2*z = 36. Let h be b(q). Let s = h - 61. List the prime factors of s.
2, 3, 5
Let h = -72 - -42. Let l = h - -33. Suppose 5*o - o = l*z + 31, 2*z - 56 = -5*o. What are the prime factors of o?
2, 5
Let m = 381 + -377. Suppose 2*k + 4*i = 130, i - m = -1. List the prime factors of k.
59
Let z = 61912 - 3317. List the prime factors of z.
5, 11719
Suppose 0 = 4*l + 174 - 210. Let y(u) = 118*u - 29. What are the prime factors of y(l)?
1033
Suppose 0 = -2*w + 2*c + 22, 2*w = w + 4*c + 23. Let q(l) = l**2 + 4*l + 5*l - l + w + 5. What are the prime factors of q(-10)?
2
Let h = 140 + -138. Suppose -h*c - 1215 = -3*p + c, 3*p - 1223 = -c. List the prime factors of p.
11, 37
Let j(m) = 4*m**2 + 20*m - 25. Let w(t) = 4*t**2 + 21*t - 26. Let y(k) = -5*j(k) + 6*w(k). What are the prime factors of y(10)?
17, 37
Let t(h) = 5*h**2 - 10*h + 9. Let o(k) = -9*k**2 + 19*k - 17. Let p(v) = 6*o(v) + 11*t(v). Let m be p(1). What are the prime factors of (2 - (10 - m))*(-5 - 1)?
2, 3
Let k be 0/((-5)/2 + 6/4). Suppose k*y = -35*y + 13475. What are the prime factors of y?
5, 7, 11
List the prime factors of -8 + 114813/(-90)*-10.
11, 19, 61
Suppose -2*y = -y + v - 75, 3*y - 4*v - 204 = 0. List the prime factors of (5/(60/(-44)))/((-2)/y).
2, 3, 11
Let c be (1 + -12)/((-7)/(-2 + 44)). Suppose 2*d = 2*t - 3*t - c, -5*t + 135 = -5*d. Let n = -24 - d. List the prime factors of n.
7
Suppose -4*k = y - 219, -y - 3*y - 258 = -5*k. What are the prime factors of 23422/12 - (-9)/k?
2, 61
Let q(o) = o**2 - 2*o - 7. Let p be q(5). Let t(w) = 13*w + 24. Let s be t(p). Let a = s - 113. What are the prime factors of a?
3, 5
Let p be (-4665)/5 - -1*(-7 - -3). What are the prime factors of ((-12)/(-9) + (-91)/39)*p?
937
Let t be 1/(-6) + 7631/(-78). Suppose 3*x - 5*d - 353 = 0, -2*x + 0*x = 4*d - 272. Let n = x + t. List the prime factors of n.
2, 7
Let s = -71 - -73. Let g(r) = 116*r**2 + 6*r + 1. List the prime factors of g(s).
3, 53
Suppose 0*s - 2*s + 4*n = -7886, 3*s - 11843 = -n. Suppose -3*l + s = 5*j, 1585 = 2*j - 9*l + 4*l. What are the prime factors of j?
2, 5, 79
Let x = 64 + -49. Let c be ((x/6)/(-5))/(1/106). Let i = c + 147. What are the prime factors of i?
2, 47
Let y(q) = 1250*q**2 + 14*q + 33. Let g be y(-3). Suppose -37041 = -24*s - g. List the prime factors of s.
5, 43
Suppose 0 = 227*n - 427678 - 1075970. What are the prime factors of n?
2, 3, 23
Let x(i) = -5142*i**3 - i**2 - 8*i - 6. What are the prime factors of x(-1)?
37, 139
Let f = -164 + 298. Let p = f - 138. Let x(t) = 4*t**2 + 7*t + 5. List the prime factors of x(p).
41
Suppose 0 = -b + 3*d + 21952, b - 6427 = 2*d + 15531. What are the prime factors of b?
2, 5, 13
Let q = -13 + 1086. List the prime factors of q.
29, 37
Suppose -4*z - 21 = -r, 0 = -4*z + 5*r - 2*r - 23. List the prime factors of (6*z/(-30))/(1/89).
89
Let o = -422 - -454. Suppose 37*a - 5610 = o*a. What are the prime factors of a?
2, 3, 11, 17
Let h(p) = -25*p + 254. Let u be h(10). Suppose -u*q + 2852 = -14*o + 10*o, -5*q + 2*o = -3568. What are the prime factors of q?
2, 3, 7, 17
Let l be ((-12)/(-6))/(4/(-70) + 0). Let i = l - -47. Suppose -800 = i*c - 22*c. List the prime factors of c.
2, 5
Let f = 3186 - -17709. List the prime factors of f.
3, 5, 7, 199
What are the prime factors of ((-50691)/9 - 7)/(18/(-27))?
11, 769
Suppose 0 = 5*o + 3*i - 6*i - 6368, -3815 = -3*o - 4*i. Let a = o + -105. List the prime factors of a.
2, 73
Let v(f) be the second derivative of 18*f - 7/2*f**2 + 0 + 31/6*f**3. List the prime factors of v(2).
5, 11
List the prime factors of (22 - -47785) + 20/2.
3, 7, 11, 23
Let f(l) = -4*l**2 + 10*l + 35. Let r be f(11). Let w = r - -617. Let i = w + -132. What are the prime factors of i?
2, 73
Let p(n) = 81*n**2 - 2*n + 2. Suppose -10 = -8*z + 9*z + 2*q, -2 = -5*z + 3*q. List the prime factors of p(z).
2, 3, 5, 11
Suppose 2*h - 82 = 3*m, 0 = -h - m + 3*m + 41. Let q = h - 49. Let f = q - -78. What are the prime factors of f?
2, 5, 7
What are the prime factors of 4/(-1) - (-7143 + 60/12)?
2, 3, 29, 41
Let q be 40/(1*(-4 - -3)). Let l be 526 - ((-10)/q + 2/(-8)). Let r = l + -305. What are the prime factors of r?
13, 17
Suppose 3*i - 72 = -15*i. Suppose i*f + 86 = 566. Suppose f = -7*a + 13*a. List the prime factors of a.
2, 5
Suppose -4*d + 110592 = -v, 0 = v - 1680 + 1688. List the prime factors of d.
2, 23, 601
Suppose 40*h - 2*h - 114 = 0. Suppose 32*j - h*j = 21866. List the prime factors of j.
2, 13, 29
Suppose 0 = -5*x + m + 1010 + 631, 657 = 2*x - m. Suppose 12*k - x = 8. Let p = 8 + k. What are the prime factors of p?
2, 3
Let p be (64/(-128))/((-2)/(-8)*2). What are the prime factors of (-112)/896 - (p - (-8497)/(-8))?
1063
Let p(g) = -104*g - 1645. What are the prime factors of p(-18)?
227
Let c(p) = -2*p**3 - 7*p**2 + 24*p - 439. List the prime factors of c(-31).
2, 3, 2153
Let c(z) be the second derivative of z**5/20 - z**4/3 - 4*z**3/3 - 9*z**2/2 - 17*z + 4. List the prime factors of c(9).
2, 3
Suppose 135 - 147 = -4*v. Let q be (7 - v)*5/(5/22). Let i = 162 - q. What are the prime factors of i?
2, 37
Let k = -282 - -295. Suppose k*n = 32 + 7. List the prime factors of n.
3
Let g = 43 - 39. Suppose 6*v = v - 4*p + 3320, 2*p = g*v - 2630. What are the prime factors of v?
2, 3, 5, 11
Let k = 19475 + -12574. What are the prime factors of k?
67, 103
Let u = 45 + -45. Suppose u = c + 3*q + 9, -5*q = -2*c + 26 - 0. Suppose c*o - 206 = 2*a, 0 = o - 5*a + 4*a - 68. What are the prime factors of o?
2, 5, 7
Let g = 46248 + -30843. What are the prime factors of g?
3, 5, 13, 79
Suppose 42*i - 1000831 + 310939 = 0. List the prime factors of i.
2, 43, 191
Let o = -19 - -24. Suppose 2*a - o = -13. List the prime factors of (-4886)/(-126) + a/(-18).
3, 13
Let m(f) be the second derivative of -f**3 - f. Let r be m(-3). Let z = r - -39. List the prime factors of z.
3, 19
List the prime factors of ((-18056)/370)/(1/(-165)).
2, 3, 11, 61
Let b(l) = -l**3 + 22*l**2 + 108*l - 33. What are the prime factors of b(25)?
2, 3, 11
Let s(v) = -19*v**2 + 25*v - 130. Let q be s(6). Let x = q - -2033. What are the prime factors of x?
37
What are the prime factors of 145 + -153 - 2595/2*-6?
7, 11, 101
Suppose -18*s = -23*s + 8590. Let u = s + -828. List the prime factors of u.
2, 5, 89
Let t be ((-1839)/(-6) - -1)*4/5. Suppose -5*n - t = -2426. What are the prime factors of n?
2, 109
Suppose 8*d + 2*d = 180. Let g(i) = -7 - i + 11 + d + 8*i. What are the prime factors of g(13)?
113
Let y(b) = 17799*b**3 - 21*b**2 + 18*b + 2. What are the prime factors of y(1)?
2, 11, 809
Let r be 1403 - (5 - (2 + 3)). Suppose 0 = -3*p + 5*j + r, 2*p - 4*j - 930 = -6*j. What are the prime factors of p?
2, 233
Let m(u) = 2*u**3 + 44*u**2 + 45*u + 48. Let y be m(-21). List the prime factors of (-20256)/y - 16/(-10).
2, 13
Let u(q) = q**2 + 4*q - 10. Let h be u(-9). Suppose -910 = h*b - 45*b. List the prime factors of b.
7, 13
Suppose -6*b = b - 42. Suppose 223 = -2*o + b*o - f, 3*o - 177 = 4*f. Let t = o + 22. List the prime factors of t.
7, 11
Suppose -2*r = 3*r + 4*j - 184, 0 = -4*r + j + 143. Let y(c) = c**3 - 6*c**2 + 11*c - 12. Let x be y(4). Suppose 4*v - r = -x*v. List the prime factors of v.
3
Suppose 24787 = a + 4*j, 2*a + 10*j - 6*j - 49562 = 0. What are the prime factors of a?
5, 991
What are the prime factors of (51772 - -2) + 60/(-40)*-6?
3, 41, 421
Let q(i) = 9*i + 3*i**2 + 38*i**2 + 97*i**2 + 3. List the prime factors of q(-2).
3, 179
Suppose 86*f + 13*f - 75126 - 147921 = 0. What are the prime factors of f?
3, 751
Suppose -w = -3*u - 3854 + 38314, 5*u - 4*w = 57424. List the prime factors of u.
2, 359
Let y(g) = 201*g**2 - 114*g - 423. What are the prime factors of y(-9)?
2, 3, 7, 67
Suppose 132*i = -3*g + 134*i + 45281, -2*i + 60370 = 4*g. List the prime factors of g.
3, 13, 43
Suppose 0 = 49*v - 22447 - 108628. List the prime factors of v.
5, 107
Let k = -12496 + 27819. List the prime factors of k.
7, 11, 199
Let y(f) = -39*f**2 - 28*f + 77. Let x be y(3). Let s = x - -643. What are the prime factors of s?
3, 5, 19
Let i(l) = -6*l**3 - 51*l**2 - 23*l + 25. List the prime factors of i(-21).
11, 43, 71
Suppose 7*c = -14*c - 315. List the